592?
2
What is the tens digit of 26471?
7
What is the thousands digit of 4206?
4
What is the tens digit of 163740?
4
What is the tens digit of 4474?
7
What is the tens digit of 556?
5
What is the units digit of 352?
2
What is the units digit of 2124?
4
What is the tens digit of 24513?
1
What is the tens digit of 371?
7
What is the ten thousands digit of 11270?
1
What is the hundreds digit of 4176?
1
What is the tens digit of 22172?
7
What is the hundreds digit of 13498?
4
What is the hundreds digit of 5732?
7
What is the ten thousands digit of 80257?
8
What is the hundreds digit of 542?
5
What is the hundreds digit of 447?
4
What is the hundreds digit of 81148?
1
What is the tens digit of 165?
6
What is the hundreds digit of 80932?
9
What is the hundreds digit of 3083?
0
What is the units digit of 4825?
5
What is the hundreds digit of 1476?
4
What is the tens digit of 45077?
7
What is the units digit of 402?
2
What is the thousands digit of 35149?
5
What is the ten thousands digit of 53698?
5
What is the thousands digit of 10613?
0
What is the hundreds digit of 4878?
8
What is the units digit of 9242?
2
What is the hundreds digit of 7012?
0
What is the units digit of 2160?
0
What is the tens digit of 57786?
8
What is the tens digit of 3243?
4
What is the hundreds digit of 70093?
0
What is the thousands digit of 1571?
1
What is the tens digit of 22285?
8
What is the units digit of 105564?
4
What is the tens digit of 521?
2
What is the tens digit of 94018?
1
What is the tens digit of 1178?
7
What is the tens digit of 1934?
3
What is the thousands digit of 1027?
1
What is the thousands digit of 2353?
2
What is the tens digit of 1038?
3
What is the hundreds digit of 7441?
4
What is the tens digit of 758?
5
What is the hundreds digit of 1537?
5
What is the tens digit of 77?
7
What is the tens digit of 4036?
3
What is the tens digit of 7430?
3
What is the thousands digit of 111579?
1
What is the hundreds digit of 1617?
6
What is the hundreds digit of 1229?
2
What is the units digit of 2210?
0
What is the hundreds digit of 1415?
4
What is the units digit of 1774?
4
What is the units digit of 4849?
9
What is the tens digit of 18342?
4
What is the hundreds digit of 1128?
1
What is the tens digit of 21970?
7
What is the hundreds digit of 170?
1
What is the tens digit of 177284?
8
What is the thousands digit of 53343?
3
What is the ten thousands digit of 11761?
1
What is the thousands digit of 3407?
3
What is the thousands digit of 1477?
1
What is the ten thousands digit of 58434?
5
What is the ten thousands digit of 18665?
1
What is the hundreds digit of 20240?
2
What is the units digit of 126260?
0
What is the units digit of 558?
8
What is the tens digit of 886?
8
What is the thousands digit of 8563?
8
What is the ten thousands digit of 36219?
3
What is the thousands digit of 2504?
2
What is the tens digit of 96?
9
What is the units digit of 2881?
1
What is the ten thousands digit of 57272?
5
What is the thousands digit of 1219?
1
What is the units digit of 24888?
8
What is the tens digit of 27573?
7
What is the units digit of 3044?
4
What is the thousands digit of 1461?
1
What is the units digit of 752?
2
What is the hundreds digit of 2269?
2
What is the thousands digit of 27372?
7
What is the hundreds digit of 1988?
9
What is the units digit of 6365?
5
What is the ten thousands digit of 153704?
5
What is the units digit of 15181?
1
What is the ten thousands digit of 105724?
0
What is the tens digit of 797?
9
What is the tens digit of 8431?
3
What is the units digit of 2591?
1
What is the units digit of 972?
2
What is the ten thousands digit of 20638?
2
What is the tens digit of 6290?
9
What is the units digit of 5215?
5
What is the hundreds digit of 271?
2
What is the ten thousands digit of 32527?
3
What is the hundreds digit of 200343?
3
What is the ten thousands digit of 10471?
1
What is the units digit of 1214?
4
What is the units digit of 9433?
3
What is the hundred thousands digit of 112655?
1
What is the ten thousands digit of 45733?
4
What is the hundreds digit of 2195?
1
What is the hundreds digit of 2990?
9
What is the tens digit of 14099?
9
What is the tens digit of 4583?
8
What is the units digit of 7838?
8
What is the thousands digit of 3142?
3
What is the tens digit of 1917?
1
What is the thousands digit of 1388?
1
What is the units digit of 4710?
0
What is the hundreds digit of 12169?
1
What is the tens digit of 85829?
2
What is the ten thousands digit of 76788?
7
What is the hundreds digit of 2369?
3
What is the thousands digit of 3013?
3
What is the thousands digit of 103695?
3
What is the units digit of 2395?
5
What is the tens digit of 12187?
8
What is the thousands digit of 5115?
5
What is the units digit of 30044?
4
What is the units digit of 4814?
4
What is the units digit of 770?
0
What is the units digit of 3054?
4
What is the thousands digit of 2385?
2
What is the thousands digit of 1851?
1
What is the hundreds digit of 129718?
7
What is the tens digit of 11159?
5
What is the units digit of 8835?
5
What is the hundreds digit of 305?
3
What is the thousands digit of 14442?
4
What is the units digit of 94?
4
What is the units digit of 74270?
0
What is the units digit of 921?
1
What is the hundreds digit of 71611?
6
What is the thousands digit of 124660?
4
What is the tens digit of 58244?
4
What is the tens digit of 704?
0
What is the hundreds digit of 1562?
5
What is the units digit of 161?
1
What is the units digit of 1929?
9
What is the thousands digit of 2037?
2
What is the tens digit of 696?
9
What is the units digit of 573?
3
What is the hundreds digit of 1494?
4
What is the thousands digit of 8697?
8
What is the tens digit of 874?
7
What is the hundreds digit of 1275?
2
What is the hundreds digit of 67526?
5
What is the ten thousands digit of 56742?
5
What is the ten thousands digit of 12980?
1
What is the units digit of 618?
8
What is the hundreds digit of 85933?
9
What is the hundreds digit of 1865?
8
What is the thousands digit of 2333?
2
What is the hundreds digit of 122?
1
What is the thousands digit of 1312?
1
What is the tens digit of 3838?
3
What is the hundreds digit of 3588?
5
What is the units digit of 264?
4
What is the hundreds digit of 2292?
2
What is the tens digit of 46617?
1
What is the hundreds digit of 2349?
3
What is the tens digit of 91760?
6
What is the tens digit of 23240?
4
What is the ten thousands digit of 11346?
1
What is the tens digit of 19793?
9
What is the hundreds digit of 1630?
6
What is the thousands digit of 3843?
3
What is the hundreds digit of 30088?
0
What is the units digit of 117?
7
What is the units digit of 6153?
3
What is the hundreds digit of 306?
3
What is the thousands digit of 13159?
3
What is the thousands digit of 12302?
2
What is the units digit of 6557?
7
What is the hundreds digit of 2461?
4
What is the hundreds digit of 30268?
2
What is the units digit of 841?
1
What is the thousands digit of 17339?
7
What is the units digit of 332?
2
What is the units digit of 72?
2
What is the tens digit of 76478?
7
What is the thousands digit of 15632?
5
What is the tens digit of 34685?
8
What is the tens digit of 14494?
9
What is the thousands digit of 2507?
2
What is the ten thousands digit of 34115?
3
What is the tens digit of 160?
6
What is the thousands digit of 33291?
3
What is the ten thousands digit of 30931?
3
What is the tens digit of 46?
4
What is the hundreds digit of 1395?
3
What is the hundreds digit of 64472?
4
What is the units digit of 6106?
6
What is the thousands digit of 10648?
0
What is the units digit of 17323?
3
What is the tens digit of 1084?
8
What is the units digit of 7973?
3
What is the hundreds digit of 77945?
9
What is the ten thousands digit of 34317?
3
What is the thousands digit of 154179?
4
What is the units digit of 80803?
3
What is the hundreds digit of 6737?
7
What is the hundreds digit of 15767?
7
What is the thousands digit of 23382?
3
What is the thousands digit of 60447?
0
What is the units digit of 10503?
3
What is the units digit of 957?
7
What is the hundreds digit of 397?
3
What is the hundreds digit of 1439?
4
What is the ten thousands digit of 33481?
3
What is the ten thousands digit of 78300?
7
What is the thousands digit of 59011?
